2486 is divided by 60574?
764
What is the remainder when 18084958 is divided by 180?
178
Calculate the remainder when 1268505 is divided by 741.
654
What is the remainder when 420600347 is divided by 63?
62
What is the remainder when 4285585 is divided by 3101?
3
What is the remainder when 3885952 is divided by 143917?
193
Calculate the remainder when 2015568 is divided by 3524.
3364
What is the remainder when 36832990 is divided by 1858?
1856
What is the remainder when 2568916 is divided by 8708?
56
What is the remainder when 557524 is divided by 2239?
13
Calculate the remainder when 308428 is divided by 1071.
1051
What is the remainder when 2207530 is divided by 864?
10
What is the remainder when 341351 is divided by 17065?
51
Calculate the remainder when 44794 is divided by 14539.
1177
Calculate the remainder when 58544457 is divided by 14.
13
What is the remainder when 24207795 is divided by 85?
50
What is the remainder when 405753 is divided by 133636?
4845
Calculate the remainder when 8380443 is divided by 1825.
43
What is the remainder when 1413630 is divided by 705935?
1760
Calculate the remainder when 2614841 is divided by 98.
5
Calculate the remainder when 1272916 is divided by 4229.
4216
What is the remainder when 295649 is divided by 791?
606
What is the remainder when 658461 is divided by 3475?
1686
What is the remainder when 6075299 is divided by 368?
355
Calculate the remainder when 57480 is divided by 421.
224
What is the remainder when 86928 is divided by 428?
44
What is the remainder when 1612398 is divided by 264?
150
What is the remainder when 383943 is divided by 42569?
822
What is the remainder when 328014 is divided by 18163?
1080
What is the remainder when 130549 is divided by 1031?
643
What is the remainder when 1263523 is divided by 1263517?
6
Calculate the remainder when 980811 is divided by 9808.
11
Calculate the remainder when 84756 is divided by 28247.
15
What is the remainder when 39904691 is divided by 192?
179
What is the remainder when 5558277 is divided by 146270?
17
What is the remainder when 84109 is divided by 42016?
77
Calculate the remainder when 44920 is divided by 1054.
652
Calculate the remainder when 2868599 is divided by 6208.
503
Calculate the remainder when 28167843 is divided by 91454.
11
What is the remainder when 4249762 is divided by 40863?
10
Calculate the remainder when 2453 is divided by 1391.
1062
What is the remainder when 97978067 is divided by 18567?
8
What is the remainder when 22533419 is divided by 2730?
2729
What is the remainder when 43192 is divided by 21519?
154
Calculate the remainder when 27799 is divided by 4622.
67
What is the remainder when 255609269 is divided by 1134?
1133
Calculate the remainder when 24110454 is divided by 5262.
5232
What is the remainder when 129128 is divided by 4486?
3520
Calculate the remainder when 576694 is divided by 82249.
951
Calculate the remainder when 5028 is divided by 649.
485
Calculate the remainder when 155943 is divided by 92.
3
Calculate the remainder when 185440 is divided by 9269.
60
Calculate the remainder when 2175504 is divided by 241714.
78
What is the remainder when 1503378 is divided by 10893?
144
What is the remainder when 1018703 is divided by 6971?
937
What is the remainder when 484174 is divided by 845?
834
What is the remainder when 295017 is divided by 24584?
9
What is the remainder when 63016 is divided by 12194?
2046
What is the remainder when 3230577 is divided by 1673?
14
What is the remainder when 92284 is divided by 92152?
132
Calculate the remainder when 79331365 is divided by 17.
15
What is the remainder when 429527 is divided by 424664?
4863
What is the remainder when 26251 is divided by 2075?
1351
What is the remainder when 104870 is divided by 6922?
1040
What is the remainder when 49218979 is divided by 1585?
1559
What is the remainder when 588273 is divided by 661?
644
Calculate the remainder when 24940197 is divided by 154908.
9
What is the remainder when 4237557 is divided by 3884?
113
Calculate the remainder when 28011383 is divided by 7002844.
7
What is the remainder when 240866 is divided by 124?
58
Calculate the remainder when 300527 is divided by 1252.
47
Calculate the remainder when 30331423 is divided by 481451.
10
What is the remainder when 825590 is divided by 6570?
4340
What is the remainder when 262282 is divided by 7083?
211
What is the remainder when 2995117 is divided by 2451?
2446
Calculate the remainder when 144699 is divided by 2358.
861
What is the remainder when 590393 is divided by 118036?
213
Calculate the remainder when 1995933 is divided by 199592.
13
What is the remainder when 112239256 is divided by 45076?
16
Calculate the remainder when 324172 is divided by 227.
16
Calculate the remainder when 7090306 is divided by 1734.
1714
What is the remainder when 23268500 is divided by 2566?
12
What is the remainder when 21426928 is divided by 10088?
16
What is the remainder when 8019974 is divided by 586?
564
Calculate the remainder when 132425 is divided by 190.
185
Calculate the remainder when 50310 is divided by 16485.
855
What is the remainder when 2318563 is divided by 73?
10
What is the remainder when 462837 is divided by 20111?
284
What is the remainder when 1887 is divided by 372?
27
Calculate the remainder when 12283380 is divided by 722.
716
What is the remainder when 418600 is divided by 111?
19
Calculate the remainder when 1061788 is divided by 101.
76
Calculate the remainder when 280276 is divided by 93096.
988
What is the remainder when 735282 is divided by 1387?
172
What is the remainder when 260352 is divided by 1278?
918
What is the remainder when 9039832 is divided by 700?
32
Calculate the remainder when 2226 is divided by 379.
331
What is the remainder when 78130378 is divided by 1189?
1188
Calculate the remainder when 672312 is divided by 40.
32
What is the remainder when 8209247 is divided by 2736411?
14
What is the remainder when 26503 is divided by 230?
53
What is the remainder when 73237 is divided by 1258?
273
What is the remainder when 220728053 is divided by 571?
9
Calculate the remainder when 108559 is divided by 9854.
165
What is the remainder when 2214511 is divided by 184537?
67
What is the remainder when 335201 is divided by 2995?
2756
What is the remainder when 10867182 is divided by 141132?
18
What is the remainder when 33592 is divided by 16661?
270
Calculate the remainder when 1064816 is divided by 317.
13
Calculate the remainder when 3918013 is divided by 1959004.
5
What is the remainder when 27091953 is divided by 267?
264
Calculate the remainder when 23659 is divided by 23576.
83
What is the remainder when 275344 is divided by 678?
76
What is the remainder when 2203641 is divided by 2152?
2145
Calculate the remainder when 2795998 is divided by 101.
15
What is the remainder when 26411 is divided by 271?
124
What is the remainder when 10711 is divided by 2649?
115
Calculate the remainder when 10465 is divided by 1877.
1080
Calculate the remainder when 48082 is divided by 2237.
1105
What is the remainder when 415418 is divided by 20?
18
What is the remainder when 54671 is divided by 26131?
2409
What is the remainder when 44091966 is divided by 95?
91
Calculate the remainder when 62107614 is divided by 39.
36
What is the remainder when 106058 is divided by 16?
10
What is the remainder when 2400418 is divided by 479902?
908
Calculate the remainder when 343033 is divided by 117.
106
Calculate the remainder when 17815679 is divided by 107323.
61
What is the remainder when 4860596 is divided by 121511?
156
What is the remainder when 278836 is divided by 92943?
7
Calculate the remainder when 778473030 is divided by 188.
186
Calculate the remainder when 79154434 is divided by 79154424.
10
Calculate the remainder when 114643 is divided by 22859.
348
Calculate the remainder when 744862 is divided by 33857.
8
What is the remainder when 10956251 is divided by 2191202?
241
Calculate the remainder when 337695 is divided by 146.
143
Calculate the remainder when 22664399 is divided by 145.
29
What is the remainder when 42911 is divided by 21433?
45
What is the remainder when 109421 is divided by 9717?
2534
What is the remainder when 15728138 is divided by 7529?
57
Calc